{"id":168,"date":"2020-11-18T10:51:04","date_gmt":"2020-11-18T10:51:04","guid":{"rendered":"http:\/\/www.josedemontfort.com\/?page_id=168"},"modified":"2020-11-18T10:51:04","modified_gmt":"2020-11-18T10:51:04","slug":"ping-pong-podcast","status":"publish","type":"page","link":"https:\/\/www.josedemontfort.com\/index.php\/ping-pong-podcast\/","title":{"rendered":"PING PONG &#8211; PODCAST"},"content":{"rendered":"\n<p>De Duitama a Barcelona. Un podcast dial\u00e9ctico al modo del ping pong. Notas de voz de whatsapp transoce\u00e1nicas sobre arte, literatura y la vida contempor\u00e1nea entre Jos\u00e9 de Montfort y Dar\u00edo Rodr\u00edguez.<\/p>\n\n\n\n<p><a href=\"https:\/\/www.ivoox.com\/podcast-jose-montfort_sq_f1711601_1.html\">https:\/\/www.ivoox.com\/podcast-jose-montfort_sq_f1711601_1.html<\/a><\/p>\n","protected":false},"excerpt":{"rendered":"<p>De Duitama a Barcelona. Un podcast dial\u00e9ctico al modo del ping pong. Notas de voz de whatsapp transoce\u00e1nicas sobre arte, literatura y la vida contempor\u00e1nea entre Jos\u00e9 de Montfort y Dar\u00edo Rodr\u00edguez. https:\/\/www.ivoox.com\/podcast-jose-montfort_sq_f1711601_1.html<\/p>\n","protected":false},"author":1,"featured_media":0,"parent":0,"menu_order":0,"comment_status":"closed","ping_status":"closed","template":"","meta":{"footnotes":""},"class_list":["post-168","page","type-page","status-publish","hentry"],"_links":{"self":[{"href":"https:\/\/www.josedemontfort.com\/index.php\/wp-json\/wp\/v2\/pages\/168","targetHints":{"allow":["GET"]}}],"collection":[{"href":"https:\/\/www.josedemontfort.com\/index.php\/wp-json\/wp\/v2\/pages"}],"about":[{"href":"https:\/\/www.josedemontfort.com\/index.php\/wp-json\/wp\/v2\/types\/page"}],"author":[{"embeddable":true,"href":"https:\/\/www.josedemontfort.com\/index.php\/wp-json\/wp\/v2\/users\/1"}],"replies":[{"embeddable":true,"href":"https:\/\/www.josedemontfort.com\/index.php\/wp-json\/wp\/v2\/comments?post=168"}],"version-history":[{"count":1,"href":"https:\/\/www.josedemontfort.com\/index.php\/wp-json\/wp\/v2\/pages\/168\/revisions"}],"predecessor-version":[{"id":170,"href":"https:\/\/www.josedemontfort.com\/index.php\/wp-json\/wp\/v2\/pages\/168\/revisions\/170"}],"wp:attachment":[{"href":"https:\/\/www.josedemontfort.com\/index.php\/wp-json\/wp\/v2\/media?parent=168"}],"curies":[{"name":"wp","href":"https:\/\/api.w.org\/{rel}","templated":true}]}}