{"id":264,"date":"2021-02-10T06:47:57","date_gmt":"2021-02-10T06:47:57","guid":{"rendered":"http:\/\/www.josedemontfort.com\/?page_id=264"},"modified":"2021-02-10T06:47:57","modified_gmt":"2021-02-10T06:47:57","slug":"cargador-de-imaginaciones","status":"publish","type":"page","link":"https:\/\/www.josedemontfort.com\/index.php\/cargador-de-imaginaciones\/","title":{"rendered":"Cargador de imaginaciones"},"content":{"rendered":"\n<p><em>Te recomendamos algunas jugosas lecturas que nos hablan de empat\u00eda, locura, adicciones, miedos o deseo. La vida, resumida en textos y vi\u00f1etas.<\/em><\/p>\n\n\n\n<p><strong><em>Clics contra la humanidad<\/em> <\/strong>(Gatopardo), de James Williams, es una reflexi\u00f3n urgente sobre la imperiosa necesidad de liberar la atenci\u00f3n humana a la que nos esclaviza la tecnolog\u00eda contempor\u00e1nea. Para el autor, que fue estratega de Google durante diez a\u00f1os y recibi\u00f3 el Founder\u2019s Award, el m\u00e1ximo reconocimiento de la compa\u00f1\u00eda, el problema de la tecnolog\u00eda es que no sirve ya para organizar la informaci\u00f3n sino para gestionar nuestra atenci\u00f3n. Williams, que recibi\u00f3 el Nine Dots Prize al pensamiento innovador por este libro, nos anima a \u201cmovilizarnos con urgencia para afirmar y defender nuestra libertad de atenci\u00f3n\u201d. Dicho de otra forma, se trata de ajustar los objetivos y valores de las tecnolog\u00edas que absorben nuestra atenci\u00f3n y ponerlos de nuestra parte.<\/p>\n\n\n\n<p>La periodista y escritora Laura Ferrero vuelve a la ficci\u00f3n con<strong><em> La gente no existe <\/em><\/strong>(Alfaguara). En la estela de su primer y exitoso primer libro de cuentos, <em>Piscinas vac\u00edas<\/em>, en esta nueva entrega de relatos breves, Ferrero se cuestiona por las distancias adecuadas que se han de tomar en la vida, con la memoria, pero tambi\u00e9n con el miedo y el deseo. Igual que en el resto de su producci\u00f3n narrativa, la autora barcelonesa indaga en la complejidad de las relaciones humanas. Con un matiz: quiz\u00e1 si en su anterior libro de cuentos investigaba m\u00e1s sobre la sonoridad de los ruidos, aqu\u00ed propende hacia una misteriosa esperanza silenciosa.<\/p>\n\n\n\n<p>Y en el apartado de ficci\u00f3n internacional, nos gustar\u00eda llamar la atenci\u00f3n sobre la novela <em><strong>La facultad de sue\u00f1os. Anexo a la teor\u00eda sexual <\/strong><\/em><strong>(N\u00f3rdica)<\/strong>, de la autora sueca Sara Stridsberg. El libro toma como figura central a la feminista radical Valerie Solanas, autora del manifiesto SCUM y c\u00e9lebre por haberle disparado en 1968 tres tiros a Andy Warhol (acert\u00f3 solo uno), despu\u00e9s de haber participado en varias de sus pel\u00edculas y de no haber conseguido que \u00e9ste le produjera una de sus obras de teatro. \u201cTen\u00eda demasiado control sobre mi vida\u201d, declar\u00f3 en su momento Valerie Solanas, como justificaci\u00f3n al ataque. El libro no es exactamente una biograf\u00eda, sino m\u00e1s bien una fantas\u00eda literaria. En \u00e9l, se combina la narraci\u00f3n en segunda persona con di\u00e1logos cinematogr\u00e1ficos, poes\u00eda, informes legales, transcripciones judiciales y conversaciones con psiquiatras. Un experimento estil\u00edstico que se lee como una carta de amor.<\/p>\n\n\n\n<p>El autor, guionista y dibujante Tyto Alba nos presenta en la novela gr\u00e1fica <strong><em>Whitman<\/em> (Astiberri)<\/strong> una historia poco conocida del seminal poeta norteamericano. Se trata del viaje que realiz\u00f3 Whitman durante la guerra de Secesi\u00f3n estadounidense a la b\u00fasqueda de su hermano. Impactado por las terribles visiones de los soldados heridos, decidi\u00f3 quedarse para cuidar de ellos. As\u00ed, demor\u00f3 meses en hospitales de campa\u00f1a acompa\u00f1ando a los soldados solitarios, ayud\u00e1ndoles a escribir las cartas para sus familiares y recogiendo donaciones para los heridos.<\/p>\n\n\n\n<p>Si en <strong><em>Estamos todas bien<\/em><\/strong>(Salamandra, 2018), su \u00f3pera prima, la joven ilustradora valenciana Ana Penyas reivindicaba la heroicidad cotidiana de sus dos abuelas, en una obra que le serv\u00eda para, al tiempo, homenajear a las mujeres de toda una generaci\u00f3n olvidada en nuestro pa\u00eds, en <em>Todo bajo el sol <\/em>(Salamandra) lleva a cabo una profunda reflexi\u00f3n acerca del drama humano que se esconde detr\u00e1s de la especulaci\u00f3n urban\u00edstica y el turismo de masas en Espa\u00f1a, a trav\u00e9s de una familia levantina, a comienzos de la d\u00e9cada de los a\u00f1os sesenta.<\/p>\n\n\n\n<p>Por \u00faltimo, quer\u00edamos recomendarles <strong><em>Kraut<\/em><\/strong> (Fulgencio Pimentel), de Peter Pontiac. Por fin podemos disfrutar en espa\u00f1ol de la obra m\u00e1s ambiciosa y lograda del maestro del c\u00f3mic <em>underground<\/em> alem\u00e1n. Con ecos de Will Eisner y de Art Spiegelman, aqu\u00ed sigue Pontiac la veta confesional de la que ya se sirviese para narrar su adicci\u00f3n a la hero\u00edna. Pontiac, con su estilo crudo, personal e hiperdetallista, desarrolla en <em>Kraut<\/em> una ep\u00edstola biogr\u00e1fica, una carta al padre, antiguo colaborador nazi y periodista de las SS. Un verdadero pulso dram\u00e1tico en el que Pontiac, fallecido a causa de la hepatitis B en 2015, confronta sus fantasmas m\u00e1s \u00edntimos.<\/p>\n\n\n\n<p><\/p>\n\n\n\n<p>*Publicado originalmente en Revista El Duende, el 01 de febrero de 2021.<\/p>\n","protected":false},"excerpt":{"rendered":"<p>Te recomendamos algunas jugosas lecturas que nos hablan de empat\u00eda, locura, adicciones, miedos o deseo. La vida, resumida en textos y vi\u00f1etas. Clics contra la humanidad (Gatopardo), de James Williams, es una reflexi\u00f3n urgente sobre<span class=\"more-button\"><a href=\"https:\/\/www.josedemontfort.com\/index.php\/cargador-de-imaginaciones\/\" class=\"more-link\">Seguir leyendo<span class=\"screen-reader-text\">Cargador de imaginaciones<\/span><i class=\"fa fa-angle-right\" aria-hidden=\"true\"><\/i><\/a><\/span><\/p>\n","protected":false},"author":1,"featured_media":0,"parent":0,"menu_order":0,"comment_status":"closed","ping_status":"closed","template":"","meta":{"footnotes":""},"class_list":["post-264","page","type-page","status-publish","hentry"],"_links":{"self":[{"href":"https:\/\/www.josedemontfort.com\/index.php\/wp-json\/wp\/v2\/pages\/264","targetHints":{"allow":["GET"]}}],"collection":[{"href":"https:\/\/www.josedemontfort.com\/index.php\/wp-json\/wp\/v2\/pages"}],"about":[{"href":"https:\/\/www.josedemontfort.com\/index.php\/wp-json\/wp\/v2\/types\/page"}],"author":[{"embeddable":true,"href":"https:\/\/www.josedemontfort.com\/index.php\/wp-json\/wp\/v2\/users\/1"}],"replies":[{"embeddable":true,"href":"https:\/\/www.josedemontfort.com\/index.php\/wp-json\/wp\/v2\/comments?post=264"}],"version-history":[{"count":1,"href":"https:\/\/www.josedemontfort.com\/index.php\/wp-json\/wp\/v2\/pages\/264\/revisions"}],"predecessor-version":[{"id":266,"href":"https:\/\/www.josedemontfort.com\/index.php\/wp-json\/wp\/v2\/pages\/264\/revisions\/266"}],"wp:attachment":[{"href":"https:\/\/www.josedemontfort.com\/index.php\/wp-json\/wp\/v2\/media?parent=264"}],"curies":[{"name":"wp","href":"https:\/\/api.w.org\/{rel}","templated":true}]}}