{"id":92,"date":"2020-07-31T23:06:43","date_gmt":"2020-07-31T23:06:43","guid":{"rendered":"http:\/\/www.josedemontfort.com\/?page_id=92"},"modified":"2020-08-01T17:45:24","modified_gmt":"2020-08-01T17:45:24","slug":"contacto-2","status":"publish","type":"page","link":"https:\/\/www.josedemontfort.com\/","title":{"rendered":"CONTACTO"},"content":{"rendered":"\n<p><strong>Jos\u00e9 de Montfort <\/strong>(Castell\u00f3n, 1977) <\/p>\n\n\n\n<p>Soy graduado en Estudios Ingleses por la Universidad de Barcelona, as\u00ed como diplomado en Literatura Creativa por la Escuela TAI-Madrid. Soy miembro de la AECL (Asociaci\u00f3n Espa\u00f1ola de Cr\u00edticos Literarios), de la ACEC  (Asociaci\u00f3n Colegial de Escritores de Catalunya) y autor del libro de relatos Fin de fiestas (Suburbano, 2014). Escribo sobre arte, cultura y tendencias en The Objective, Letras Libres, Mondo Sonoro y Ruta 66, entre otras. <\/p>\n\n\n\n<p>Tengo un postgrado en Inbound Marketing (IEBS Business School) y estoy terminando un Master de Direcci\u00f3n de Marketing y Ventas en EAE Business School. <\/p>\n\n\n\n<p>En la actualidad trabajo como responsable de comunicaci\u00f3n en el Grupo Anaya.<\/p>\n","protected":false},"excerpt":{"rendered":"<p>Jos\u00e9 de Montfort (Castell\u00f3n, 1977) Soy graduado en Estudios Ingleses por la Universidad de Barcelona, as\u00ed como diplomado en Literatura Creativa por la Escuela TAI-Madrid. Soy miembro de la AECL (Asociaci\u00f3n Espa\u00f1ola de Cr\u00edticos Literarios),<span class=\"more-button\"><a href=\"https:\/\/www.josedemontfort.com\/\" class=\"more-link\">Seguir leyendo<span class=\"screen-reader-text\">CONTACTO<\/span><i class=\"fa fa-angle-right\" aria-hidden=\"true\"><\/i><\/a><\/span><\/p>\n","protected":false},"author":1,"featured_media":0,"parent":0,"menu_order":0,"comment_status":"closed","ping_status":"closed","template":"","meta":{"footnotes":""},"class_list":["post-92","page","type-page","status-publish","hentry"],"_links":{"self":[{"href":"https:\/\/www.josedemontfort.com\/index.php\/wp-json\/wp\/v2\/pages\/92","targetHints":{"allow":["GET"]}}],"collection":[{"href":"https:\/\/www.josedemontfort.com\/index.php\/wp-json\/wp\/v2\/pages"}],"about":[{"href":"https:\/\/www.josedemontfort.com\/index.php\/wp-json\/wp\/v2\/types\/page"}],"author":[{"embeddable":true,"href":"https:\/\/www.josedemontfort.com\/index.php\/wp-json\/wp\/v2\/users\/1"}],"replies":[{"embeddable":true,"href":"https:\/\/www.josedemontfort.com\/index.php\/wp-json\/wp\/v2\/comments?post=92"}],"version-history":[{"count":3,"href":"https:\/\/www.josedemontfort.com\/index.php\/wp-json\/wp\/v2\/pages\/92\/revisions"}],"predecessor-version":[{"id":136,"href":"https:\/\/www.josedemontfort.com\/index.php\/wp-json\/wp\/v2\/pages\/92\/revisions\/136"}],"wp:attachment":[{"href":"https:\/\/www.josedemontfort.com\/index.php\/wp-json\/wp\/v2\/media?parent=92"}],"curies":[{"name":"wp","href":"https:\/\/api.w.org\/{rel}","templated":true}]}}